41. Let h(r) = 33*r + 3 - 19*r - 15*r. What is the units digit of h(w)?
7
Let y(d) = 31*d - 303. What is the tens digit of y(30)?
2
Let d(o) = o**3 - 9*o**2 + 10*o - 4. Let b be d(8). Suppose 2*p = -36 + b. Let h = 16 + p. What is the units digit of h?
4
Suppose 356 = -f + 3*f + 2*p, 2*p = 4*f - 706. What is the hundreds digit of f?
1
Let g = 3 + -1. Let y be -1 - ((g - 16) + 1). Suppose -y - 17 = -i. What is the tens digit of i?
2
Let r(p) = -p**3 + p**2 + p + 49. Let t be r(0). Let h = 34 - t. What is the units digit of ((-72)/(-2))/(h/(-10))?
4
Let c(z) = -z**3 + 9*z**2 + 2*z + 4. Let q be c(9). Suppose q = 3*r + w, -w + 8 = -0*r + r. Suppose 2*s + r - 99 = 0. What is the units digit of s?
6
Suppose -3*v = -4*u + 111, 5*u = 2*u - 5*v + 47. What is the units digit of ((-16)/u)/(6/(-675))?
5
Let k = 268 + -203. What is the units digit of k?
5
Let y = 216 + -115. Suppose -2*d + 17 = -y. What is the units digit of d?
9
Let h = 94 - 174. Let y = h - -123. What is the tens digit of y?
4
Suppose 12*z = 267 + 1125. Suppose -d - o + z = 26, -d - 2*o = -88. What is the tens digit of d?
9
Let k(n) = -n - 5. Let j be k(4). Let g be (4/(-3))/(6/j). Suppose 0 = 2*q + 2*b - 5*b - 22, -g*q + 32 = 2*b. What is the units digit of q?
4
Let s = 121 + -76. Let g = s + -8. What is the units digit of g?
7
Suppose -10*o + 2051 + 2109 = 0. What is the hundreds digit of o?
4
What is the tens digit of (499/2)/((-17)/(-34))?
9
Let l(h) = -h**3 - 8*h**2 + 3*h + 2. Let d be l(-6). Let x = -56 - d. What is the tens digit of x?
3
Let g be ((-17)/2*1)/(25/(-50)). Let d = g + -7. What is the units digit of d?
0
Let r(x) = 6*x**2 - 44*x - 98. What is the units digit of r(30)?
2
Suppose v + 5*b + 11 = 0, 0 = -9*b + 14*b + 10. Let u = -15 + 50. What is the tens digit of (u/4)/(v/(-4))?
3
Let f be 3*1/(2/10). Let y be (18/f)/((-4)/(-10)). Suppose 2*t + y*t = 280. What is the units digit of t?
6
Let m = 1013 - 268. What is the units digit of m?
5
Let i(q) = -4*q**2 + 10*q + 13. Let s(u) = 3*u**2 - 7*u - 9. Let k(o) = 5*i(o) + 7*s(o). What is the tens digit of k(-7)?
4
Let a be 3/(-4 - (-303)/78). Let i = 65 + a. Suppose -i = -b - 2*b. What is the tens digit of b?
1
Let w(o) = 7*o**2 + 12*o - 38. What is the hundreds digit of w(-12)?
8
Let y(l) be the first derivative of 15/2*l**2 + 11 + 1/4*l**4 + 22*l - 17/3*l**3. What is the units digit of y(16)?
6
What is the units digit of (-9)/72 - (-5257)/8?
7
Let t(o) be the first derivative of 2*o**4 - o**3 + 3*o**2/2 - 2*o - 4. What is the units digit of t(2)?
6
Suppose 5*q - 3 = -w + 15, -2*q + 3*w = 3. Suppose 2*v = q*v - 229. What is the hundreds digit of v?
2
Let p be (0/(-3))/(-2 + 0). Let g be 3 + -1 + p + 131. Suppose g = 4*a + 17. What is the tens digit of a?
2
Let f be (-2)/7 - (-37)/7. Suppose -2*i = -2*u - 2, 4*u - i - f = -0*i. Suppose 0 = -u*s + 10 + 122. What is the units digit of s?
6
Let g(i) = 8*i + 54. What is the hundreds digit of g(20)?
2
What is the tens digit of 38*((-5 - -1 - -3) + 3)?
7
Let o(v) be the first derivative of -v**3/3 + 7*v**2/2 - 3*v + 1. What is the units digit of o(4)?
9
Let u(h) = 24*h**3 - 2*h**2 - 2*h - 1. Let a be u(-1). Let g = -20 - a. Suppose -4 - 40 = -o + g*j, 3*o - j - 160 = 0. What is the tens digit of o?
5
Suppose u - 11 - 3 = 0. What is the units digit of ((-8)/u)/((-2)/28)?
8
Let q = -486 + 580. What is the tens digit of q?
9
Let m(r) = -49*r - 1. Suppose 0 = 2*c - 10 - 8. Let l = 8 - c. What is the tens digit of m(l)?
4
What is the tens digit of (8/(-10))/(55/(-320650))?
6
Let r(i) = -i**3 + 17*i**2 - 17*i + 25. Let s = 69 - 53. What is the units digit of r(s)?
9
Let p be 5/2*(0 + 2). Suppose -p*f = 5*y - 10, 2*y - 1 - 13 = 3*f. Suppose -y*q + 121 = 33. What is the tens digit of q?
2
Let n(y) = 2*y + 3. Let g be n(2). Suppose -11*p = -g*p - 264. What is the units digit of p?
6
Let y(g) be the second derivative of -g**5/20 - 4*g**4/3 - 2*g**3 + 21*g**2/2 + 37*g. What is the units digit of y(-16)?
3
Let d(h) = -3*h**2 - 2*h + 13. Let p be d(8). Let r = -343 - p. What is the tens digit of (-10)/(-15) + r/(-3)?
5
Let y = -158 - -161. Let o = -25 - -41. Suppose -o = -5*w - a + 13, y*a + 13 = 5*w. What is the units digit of w?
5
Suppose 6*g + 3*g - 2511 = 0. What is the hundreds digit of g?
2
Let m = 30 + -30. Suppose m*f + 265 = 4*f - b, -1 = b. What is the tens digit of f?
6
What is the hundreds digit of (163 + 10 - -7)*(-66)/(-4)?
9
Suppose 2*j = 4, 3*m + 3*j - 6 = 12. Suppose 5*p = 3*t - 31, -p + 3*p + 28 = -m*t. What is the units digit of (-2)/(-8) - 62/p?
8
Suppose -26 = 5*m + 24. Let z(h) = -h**3 - 10*h**2 + h + 13. Let s be z(m). Suppose -3*g = -o - 6*g + 8, s*g - 19 = -2*o. What is the units digit of o?
1
Let c = -10 + 8. Let o be (c*(4 - 3))/2. What is the units digit of (6 + -10)/(o/8)?
2
Let y = -441 + 276. What is the tens digit of 5/(-4) + y/(-4)?
4
Suppose 0 = 2*c - 2*m - 212, 2*c - 133 = -2*m + 95. What is the units digit of c?
0
Let r = 39 - 8. Suppose -3 = -2*i + 5. Suppose 4*z = 3*n - 0*z - 23, -r = -3*n - i*z. What is the units digit of n?
9
Suppose u = 2*u - 13. Suppose -2*t - 14 = -4*q, q + 5*t + u = -0*q. Suppose 0 = 2*y + 2*w + q*w - 20, -10 = -3*y - w. What is the units digit of y?
2
Suppose 2*x + 1 = 9. Suppose j + n - 60 = x*n, 5*j = 5*n + 290. Let w = j + -34. What is the tens digit of w?
2
Let a be (-15)/5 + 2/(-2). Let o be -2*(-3 + 2)*a. What is the units digit of o + 12 - (-3 + 0)?
7
Suppose 0 = r + d + 96, 4*r + 373 = d - 31. Let x = 209 + r. What is the hundreds digit of x?
1
Let j(x) = -x**3 + 13*x**2 - 13*x + 12. Let t be j(12). Suppose t*r - r = -16. Suppose -r - 179 = -5*l. What is the units digit of l?
9
Let n(s) be the third derivative of s**6/10 - s**5/30 - s**4/24 + s**3/3 + 2*s**2. Let x be n(2). Suppose x = -0*b + 4*b. What is the tens digit of b?
2
Let g = -19 - -19. Suppose 0 = -4*f + 16 - g. Suppose -v - f*v + 110 = 5*p, -4*v + p = -78. What is the tens digit of v?
2
Let q = 220 + 26. Let m = -547 + 549. Suppose 8*u - m*u = q. What is the tens digit of u?
4
Let v be (-2)/(-8) + 217/28. Let j be (-301)/(-4) - 2/v. What is the units digit of ((-4)/(-3))/(10/j)?
0
Suppose -5*h + 2*z = -15, 3*h - z + 5 = 14. Suppose -2*y = h*p + p - 394, 398 = 4*p - 2*y. Suppose 14*j + p = 17*j. What is the units digit of j?
3
Let q be (-1 - (-2)/4)*-2. Let p(k) be the first derivative of 41*k**3/3 - k**2/2 + 2*k - 170. What is the tens digit of p(q)?
4
What is the tens digit of (46/(-20))/23 + 14662/20?
3
Suppose 0 = -10*k + 1645 + 4615. What is the tens digit of k?
2
Suppose -11*m + 10*m + 2*c = -3611, -5*m - 5*c + 18040 = 0. What is the tens digit of m?
0
Suppose -3*o + 384 + 348 = 0. What is the units digit of o?
4
What is the hundreds digit of (11 - 7) + -1 + 775?
7
Let y = 8900 + -2665. What is the units digit of y?
5
Let s(f) = 52*f**2 + 4*f - 9. What is the tens digit of s(3)?
7
Suppose s = 454 - 358. What is the units digit of s?
6
Let p = 15 + 129. Let c = 4 + p. What is the units digit of c?
8
What is the hundreds digit of (-1)/(-2 + (-6)/(-11094)*3697)?
8
Suppose -6*o + 1654 + 482 = 0. What is the units digit of o?
6
Suppose -8*z - 951 = -3431. What is the tens digit of z?
1
Let y(q) be the third derivative of q**6/120 - q**5/12 + q**4/12 - q**3/3 + 18*q**2. What is the units digit of y(7)?
0
Let o(n) = n + 3. Let d be o(-6). Let a(y) = -y**3 - 2*y**2 + y - 3. Let j be a(d). What is the units digit of 1*((-6)/j + 18)?
6
Let l(i) = 7*i**2 + 8*i - 8. What is the tens digit of l(-9)?
8
Let y(l) = l**3 + 32*l**2 - l + 63. What is the thousands digit of y(-31)?
1
Suppose 5*q - 9 - 1 = 0. Let p(l) = 27*l**2 - 4*l - 2. What is the tens digit of p(q)?
9
Suppose -3*h = -4*s + 14 + 21, 4*s = -h + 15. Let r be s*(12/5)/3. Suppose 0 = y - r*y + 21. What is the units digit of y?
7
Let q = 2935 + 1840. What is the tens digit of q?
7
Let k(i) = -18*i + 10. Let s = -28 + 19. What is the hundreds digit of k(s)?
1
Let t be (-6 - -5)*-4 - -5. Suppose 215 = -4*r + t*r. What is the units digit of r?
3
Let n = -15 + 15. What is the tens digit of (n + 2 - 1) + -3 - -27?
2
Let s = 323 - -182. What is the tens digit of s?
0
Let g = 9 + -8. What is the tens digit of (-1598)/17*g/(-2)?
4
Let u(m) = m**2 - 7*m - 6. Let f be u(7). Let z = f - -9. Suppose -2*x + z*v = -83, 4*x